en h is divided by 27?
20
Suppose 0*l - 182 = -l. Suppose l = 6*g + 14. What is the remainder when g is divided by ((3 - 1)/2)/(12/180)?
13
Let y be (2/(-3))/(-2)*(-16 - -13). Let h be 120 + 0 + y + -1 + -3. Let o = h + -96. Calculate the remainder when 53 is divided by o.
15
Suppose 2*q + 18*h - 17 = 17*h, -5*h = -15. Calculate the remainder when 187 is divided by q.
5
Let a = 232 + -223. Calculate the remainder when 69 is divided by (a + 0)/((-138)/(-368)).
21
Let p(i) = 2*i**2 - 24*i + 23. Let k = 811 + -799. Calculate the remainder when p(k) is divided by 12.
11
Let u(a) = 6*a**2 + 25*a - 3. Let w be u(-13). Suppose -4*z = 2*i - 652, -2*i + z + w = 14. Calculate the remainder when i is divided by 5.
4
Suppose -2*f - 95 = -7*f - 5*n, 3*f + 4*n - 61 = 0. Let r = -1155 - -1331. Calculate the remainder when r is divided by f.
11
Let j(n) be the second derivative of -n**4/12 - 2*n**3/3 - 3*n**2 + 9*n. Let x be j(-4). Let t = 26 + x. Calculate the remainder when 55 is divided by t.
15
Suppose -2*h = 6*a - 678, 10*h - 5*h = -30. What is the remainder when 917 is divided by a?
112
Let d(q) be the second derivative of -q**4/12 + 13*q**3/6 - 13*q**2/2 + 47*q. Suppose 500 = 20*t - 15*t. Calculate the remainder when t is divided by d(10).
15
Let z = -136 - -143. Let k(g) = -g**3 + 11*g**2 - 16*g + 6. Calculate the remainder when k(z) is divided by 16.
10
Suppose -325 = -9*o - 352. Let c(y) = -6 - 3*y - 1 + 1. Calculate the remainder when 15 is divided by c(o).
0
Suppose -x - 146*h + 385 = -144*h, 3*x - 4*h - 1235 = 0. What is the remainder when x is divided by 213?
188
Let s = 123 + 4. Let p(q) = -37 + 23*q - 28*q**2 - 47 + q**3 - 48*q. Calculate the remainder when s is divided by p(29).
31
Let n = 103 - 102. Let d be (-2)/n + -2 - (0 + -2). Calculate the remainder when (-6 - (d + 37))*(-3 + 1) is divided by 17.
14
What is the remainder when (-9757)/(-22) - (2/4 + 29 + -28) is divided by 427?
15
Let j(w) = -w**3 - 3*w**2 + w - 10. Suppose 4*l + 8 = -4*n, 12*n = 8*n + 2*l - 26. What is the remainder when 347 is divided by j(n)?
32
Let w = 23 - -31. Let f = w + -8. Suppose -f = -6*i + 80. Calculate the remainder when 56 is divided by i.
14
Suppose 100 = -11*t + 21*t. Let u be (-39)/6*(-2 + -24). Suppose -u = -3*s + 8. What is the remainder when s is divided by t?
9
Let m(g) = 2*g**3 + 11*g**2 + 5*g + 4. Let x be m(-5). Suppose -l = x*l + 760. What is the remainder when 95 is divided by (l/(-3))/2 + 1/(-3)?
20
Calculate the remainder when 313/3 - (-8)/30*(-125)/(-50) is divided by 29.
18
Suppose 5*s = -b + 192 - 69, 0 = -3*b + 4*s + 274. What is the remainder when 674 is divided by b?
86
Let r(f) = -f**2 - 6. Let l be r(-7). Let s = l - -56. What is the remainder when 69 is divided by (-2)/10 - (s + (-543)/15)?
34
Let u = -7539 - -7556. What is the remainder when 237 is divided by u?
16
Let r be ((-72)/(-14))/3*(-21)/(-6). What is the remainder when 375/r + (-1)/2 is divided by 47?
15
Let z(l) = 3*l + 2. Let q be -1*(4 - (3 + 1)). Let i be z(q). Suppose 0 = -a + i*y + 1, 5 = -3*a + y + 33. Calculate the remainder when a is divided by 6.
5
Suppose -3*p + x + 21760 = 0, -6*x + 3*x - 3 = 0. What is the remainder when p is divided by 93?
92
Let r(q) = -45*q**3 + q**2 - 4*q - 5. Let t be r(-1). Let y = -32 + t. Suppose 5*a - 4*a = y. What is the remainder when 19 is divided by a?
6
Suppose -65*f + 306 = -59*f. Suppose -4*i + 18 = -2*h, 5*h + 0*i = i. What is the remainder when f is divided by h?
0
What is the remainder when 565 + ((-6)/(-8) - 20/(-16)) is divided by 75?
42
Suppose -23*r - 3484 = 1162. Let b = -189 - r. Let v = -5 - -10. Calculate the remainder when b is divided by v.
3
Let w(j) = 8*j**3 - 5*j**3 + 121*j**2 - 5*j - 99*j**2 + 3 - 4. What is the remainder when w(-5) is divided by 21?
10
Let u(i) = 3*i**2 - 4*i + 4. Suppose x + 5*h = 2 + 7, 4*h = x. Suppose -3*b - 11 = -3*w + 4, -x*w = 5*b + 16. What is the remainder when u(b) is divided by 7?
5
Let s(y) = -y**2 + 4*y + 185. Let k = -195 - -195. Calculate the remainder when s(k) is divided by 17.
15
Suppose 39*o + 1305 = 9*o + 12825. What is the remainder when o is divided by 49?
41
Suppose 8*l - 1262 = 2386. What is the remainder when l is divided by 36?
24
Let u be -2*(3*(-3)/(-6) - -4). Suppose -2*m - 5 = 5. Let y = m - u. Calculate the remainder when 17 is divided by y.
5
Let c(v) = 3*v**2 - 34 - 576*v + 480*v + v**2. What is the remainder when 129 is divided by c(25)?
63
Suppose 32*c = 32*c - 4*l, c - 31 = 2*l. What is the remainder when 784 is divided by c?
9
Suppose 6 = -2*q + 2, 3*q - 10 = -4*y. Suppose -4*k - 13 = 3*v - 32, 0 = 4*v + y*k - 32. Calculate the remainder when 33 is divided by v.
7
Suppose 4*g = -3*y + 369, 4*y - 352 - 140 = -g. What is the remainder when 334 is divided by y?
88
Let u(q) = 3*q**2 - 17*q + 8. Let n be u(9). Suppose n*t = 93*t + 25. Suppose -z + 5 = -t. Calculate the remainder when z is divided by 3.
1
Let p = 43294 - 43128. Let t be (-2 - 5/(-4))*-16. Suppose 0*c = c - t. Calculate the remainder when p is divided by c.
10
Let i = -14 - -76. Suppose 13*t + 23 = i. What is the remainder when 18 is divided by t?
0
Let a = -653 - -767. Let w = 255 - a. What is the remainder when w is divided by 18?
15
What is the remainder when ((-1794)/(-15))/((-196)/(-490)) is divided by 111?
77
Let t(s) = 24*s**2 + 2*s - 2. Suppose 0 = 2*l + 48 - 42. Let y be (-6)/2 + (-12)/l. Calculate the remainder when 70 is divided by t(y).
22
Let m = -4721 + 4836. What is the remainder when 211 is divided by m?
96
Let m(k) = -165*k + 1614. What is the remainder when 384 is divided by m(9)?
126
Let t be (-2)/21 + 2 + (-1030)/210. Calculate the remainder when (48/t - 4)*(-82)/8 is divided by 13.
10
Calculate the remainder when (12/39)/(2/24284) is divided by 3.
1
Suppose 0 = -124*d + 115*d + 2403. Suppose -d = 4*p - 1675. What is the remainder when p is divided by 71?
68
Let z = 43 - 24. Suppose 3*f = 2*p - 30, 4*f + 6 = -4*p + 26. Calculate the remainder when z is divided by p.
1
Suppose d = -8 + 44. Suppose -445*s - 6*o + 44 = -447*s, -5*o = 4*s - 65. Calculate the remainder when d is divided by s.
1
Let r(a) = 3*a**2 - 30*a + 20. Calculate the remainder when 677 is divided by r(10).
17
Let t be 5*(-3 + 2 - 4/20). Let g(h) = -h**2 - 4*h + 29. Calculate the remainder when -1 - -1 - (-84 - -3) is divided by g(t).
13
Let i(p) = -p**2 + 31*p + 405. Calculate the remainder when 96 is divided by i(-9).
6
Let h(c) = 29*c**2 + 4*c + 3. What is the remainder when h(6) is divided by 0 + 1 - ((-465)/7 + 2076/4844)?
66
Suppose -3*b = 3*c + 1137, 4*b + 2069 - 547 = 2*c. Let s = 394 + b. What is the remainder when 64 is divided by s?
8
Let t = 5059 - 5042. Calculate the remainder when 134 is divided by t.
15
Let x(j) = 17*j**2 - j + 18. Let z(k) = 3*k**2 + 46*k + 22. Let t be z(-15). Calculate the remainder when x(t) is divided by 18.
16
Let k = -1 - 16. Let o = k - -25. Suppose -2*m + 88 = 2*m. Calculate the remainder when m is divided by o.
6
Suppose b + 110*c = 106*c + 36, 0 = 4*b - 2*c - 198. Calculate the remainder when 1290 is divided by b.
42
Let k be ((-1)/(-4))/((-2)/(-16)). Suppose k*u = w - u - 14, w = 4*u + 14. Suppose 4*t = 8 + 140. Calculate the remainder when t is divided by w.
9
Let j(b) = b**3 + 34*b**2 + 67*b + 100. Let i be j(-32). Suppose 45 = 7*d - i. Calculate the remainder when 46 is divided by d.
4
Suppose -4*m + 3673 = -1955. What is the remainder when m is divided by 350?
7
What is the remainder when (-2)/3 - 7343*12/(-252) is divided by 36?
25
Let d = -159 + 173. Let v = 28 - 56. Let o = v + 50. Calculate the remainder when o is divided by d.
8
Let u(s) = 10*s**2 + 93*s + 676. Calculate the remainder when u(-7) is divided by 12.
11
Suppose 381*h - 376*h - 513 = z, -8*z - 534 = -5*h. What is the remainder when 117 is divided by h?
15
Let a = -7065 - -7084. Calculate the remainder when 1916 is divided by a.
16
Let a(h) = -5*h + 7. Let b be a(-2). Suppose -y = 10 - b. Let u(j) = -5*j + 47. What is the remainder when 106 is divided by u(y)?
10
Let q(h) = 2*h + 21. Let y be q(-8). Let r(x) = 2*x**2 - 9*x + 4. What is the remainder when 106 is divided by r(y)?
7
Let q = 19 + -10. Suppose -1707 + 211 = -17*l. What is the remainder when l is divided by q?
7
Let y(x) = -12*x**3 + 